{"id":72,"date":"2020-10-14T21:00:24","date_gmt":"2020-10-15T00:00:24","guid":{"rendered":"http:\/\/graficoseguros.com.br\/?page_id=72"},"modified":"2020-10-14T21:32:02","modified_gmt":"2020-10-15T00:32:02","slug":"seguro-auto","status":"publish","type":"page","link":"https:\/\/graficoseguros.com.br\/index.php\/seguro-auto\/","title":{"rendered":"Seguro Auto"},"content":{"rendered":"<div data-colibri-id=\"72-c1\" class=\"style-340 style-local-72-c1 position-relative\">\n  <!---->\n  <div data-colibri-component=\"section\" data-colibri-id=\"72-c2\" id=\"about\" class=\"h-section h-section-global-spacing d-flex align-items-lg-center align-items-md-center align-items-center style-341 style-local-72-c2 position-relative\">\n    <!---->\n    <!---->\n    <div class=\"h-section-grid-container h-section-boxed-container\">\n      <!---->\n      <div data-colibri-id=\"72-c3\" class=\"h-row-container gutters-row-lg-0 gutters-row-md-0 gutters-row-0 gutters-row-v-lg-0 gutters-row-v-md-0 gutters-row-v-0 style-342 style-local-72-c3 position-relative\">\n        <!---->\n        <div class=\"h-row justify-content-lg-center justify-content-md-center justify-content-center align-items-lg-stretch align-items-md-stretch align-items-stretch gutters-col-lg-0 gutters-col-md-0 gutters-col-0 gutters-col-v-lg-0 gutters-col-v-md-0 gutters-col-v-0\">\n          <!---->\n          <div class=\"h-column h-column-container d-flex h-col-lg-auto h-col-md-auto h-col-auto style-343-outer style-local-72-c4-outer\">\n            <div data-colibri-id=\"72-c4\" class=\"d-flex h-flex-basis h-column__inner h-px-lg-0 h-px-md-0 h-px-0 v-inner-lg-0 v-inner-md-0 v-inner-0 style-343 style-local-72-c4 position-relative\">\n              <!---->\n              <!---->\n              <div class=\"w-100 h-y-container h-column__content h-column__v-align flex-basis-100 align-self-lg-start align-self-md-start align-self-start\">\n                <!---->\n                <div data-colibri-id=\"72-c6\" class=\"h-global-transition-all h-heading style-345 style-local-72-c6 position-relative h-element\">\n                  <!---->\n                  <div class=\"h-heading__outer style-345 style-local-72-c6\">\n                    <!---->\n                    <!---->\n                    <h2 class=\"\">Fa\u00e7a sua cota\u00e7\u00e3o de&nbsp;<em style=\"font-family: &quot;Playfair Display&quot;;\">seguro auto<\/em><\/h2>\n                  <\/div>\n                <\/div>\n                <div data-colibri-id=\"72-c7\" class=\"h-text h-text-component style-346 style-local-72-c7 position-relative h-element\">\n                  <!---->\n                  <!---->\n                  <div class=\"\">\n                    <p>O Seguro Auto \u00e9 um produto essencial para quem deseja proteger o seu carro, com coberturas contra colis\u00e3o, roubo, furto, inc\u00eandio, danos a terceiros, etc. O produto dar\u00e1 mais tranquilidade para voc\u00ea que utiliza esse bem t\u00e3o importante.\n                      O Seguro de Carro ainda disponibiliza uma assist\u00eancia 24h, com guincho, apoio para troca de pneu ou falta de combust\u00edvel, entre muitos outros servi\u00e7os.<\/p>\n                  <\/div>\n                <\/div>\n              <\/div>\n            <\/div>\n          <\/div>\n          <div class=\"h-column h-column-container d-flex h-col-lg-auto h-col-md-auto h-col-auto style-347-outer style-local-72-c8-outer\">\n            <div data-colibri-id=\"72-c8\" class=\"d-flex h-flex-basis h-column__inner h-ui-empty-state-container h-px-lg-2 h-px-md-2 h-px-2 v-inner-lg-2 v-inner-md-2 v-inner-2 style-347 style-local-72-c8 position-relative\">\n              <!---->\n              <!---->\n              <div class=\"w-100 h-y-container h-column__content h-column__v-align flex-basis-100\">\n                <!---->\n              <\/div>\n            <\/div>\n          <\/div>\n        <\/div>\n      <\/div>\n    <\/div>\n  <\/div>\n  <div data-colibri-component=\"section\" data-colibri-id=\"72-c13\" id=\"custom\" class=\"h-section h-section-global-spacing d-flex align-items-lg-center align-items-md-center align-items-center style-352 style-local-72-c13 position-relative\">\n    <!---->\n    <!---->\n    <div class=\"h-section-grid-container h-section-boxed-container\">\n      <!---->\n      <div data-colibri-id=\"72-c16\" class=\"h-row-container gutters-row-lg-2 gutters-row-md-2 gutters-row-0 gutters-row-v-lg-2 gutters-row-v-md-2 gutters-row-v-2 style-355 style-local-72-c16 position-relative\">\n        <!---->\n        <div class=\"h-row justify-content-lg-center justify-content-md-center justify-content-center align-items-lg-stretch align-items-md-stretch align-items-stretch gutters-col-lg-2 gutters-col-md-2 gutters-col-0 gutters-col-v-lg-2 gutters-col-v-md-2 gutters-col-v-2\">\n          <!---->\n          <div class=\"h-column h-column-container d-flex h-col-lg-auto h-col-md-auto h-col-auto style-356-outer style-local-72-c17-outer\">\n            <div data-colibri-id=\"72-c17\" class=\"d-flex h-flex-basis h-column__inner h-px-lg-2 h-px-md-2 h-px-2 v-inner-lg-2 v-inner-md-2 v-inner-2 style-356 style-local-72-c17 position-relative\">\n              <!---->\n              <!---->\n              <div class=\"w-100 h-y-container h-column__content h-column__v-align flex-basis-100 align-self-lg-start align-self-md-start align-self-start\">\n                <!---->\n                <div data-colibri-id=\"72-c18\" class=\"d-block style-357 style-local-72-c18 position-relative h-element\">\n                  <!---->\n                  <div class=\"h-image__frame-container-outer\">\n                    <a href=\"https:\/\/wwws.portoseguro.com.br\/vendaonline\/home.ns?susepw=3054WJ&amp;site=www.graficoseguros.com.br\" h-use-smooth-scroll=\"true\" class=\"image-link\">\n                      <div class=\"h-image__frame-container\">\n                        <!---->\n                        <!---->\n                        <img loading=\"lazy\" width=\"832\" height=\"411\" src=\"http:\/\/graficoseguros.com.br\/wp-content\/uploads\/2020\/10\/cropped-seguro_20auto.png\" class=\"wp-image-133 style-357-image style-local-72-c18-image\" srcset=\"https:\/\/graficoseguros.com.br\/wp-content\/uploads\/2020\/10\/cropped-seguro_20auto.png 832w, https:\/\/graficoseguros.com.br\/wp-content\/uploads\/2020\/10\/cropped-seguro_20auto-300x148.png 300w, https:\/\/graficoseguros.com.br\/wp-content\/uploads\/2020\/10\/cropped-seguro_20auto-768x379.png 768w\" sizes=\"(max-width: 832px) 100vw, 832px\" alt=\"\" \/>\n                        <div class=\"h-image__frame h-hide-lg h-hide-md h-hide-sm style-357-frameImage style-local-72-c18-frameImage\"><\/div>\n                      <\/div>\n                    <\/a>\n                  <\/div>\n                <\/div>\n              <\/div>\n            <\/div>\n          <\/div>\n        <\/div>\n      <\/div>\n    <\/div>\n  <\/div>\n<\/div>","protected":false},"excerpt":{"rendered":"<p>Fa\u00e7a sua cota\u00e7\u00e3o de&nbsp;seguro auto O Seguro Auto \u00e9 um produto essencial para quem deseja proteger o seu carro, com coberturas contra colis\u00e3o, roubo, furto, inc\u00eandio, danos a terceiros, etc. O produto dar\u00e1 mais tranquilidade para voc\u00ea que utiliza esse bem t\u00e3o importante. O Seguro de Carro ainda disponibiliza uma assist\u00eancia 24h, com guincho, apoio [&hellip;]<\/p>\n","protected":false},"author":1,"featured_media":0,"parent":0,"menu_order":0,"comment_status":"closed","ping_status":"closed","template":"page-templates\/full-width-page.php","meta":[],"_links":{"self":[{"href":"https:\/\/graficoseguros.com.br\/index.php\/wp-json\/wp\/v2\/pages\/72"}],"collection":[{"href":"https:\/\/graficoseguros.com.br\/index.php\/wp-json\/wp\/v2\/pages"}],"about":[{"href":"https:\/\/graficoseguros.com.br\/index.php\/wp-json\/wp\/v2\/types\/page"}],"author":[{"embeddable":true,"href":"https:\/\/graficoseguros.com.br\/index.php\/wp-json\/wp\/v2\/users\/1"}],"replies":[{"embeddable":true,"href":"https:\/\/graficoseguros.com.br\/index.php\/wp-json\/wp\/v2\/comments?post=72"}],"version-history":[{"count":3,"href":"https:\/\/graficoseguros.com.br\/index.php\/wp-json\/wp\/v2\/pages\/72\/revisions"}],"predecessor-version":[{"id":146,"href":"https:\/\/graficoseguros.com.br\/index.php\/wp-json\/wp\/v2\/pages\/72\/revisions\/146"}],"wp:attachment":[{"href":"https:\/\/graficoseguros.com.br\/index.php\/wp-json\/wp\/v2\/media?parent=72"}],"curies":[{"name":"wp","href":"https:\/\/api.w.org\/{rel}","templated":true}]}}