{"id":74,"date":"2020-10-14T21:01:17","date_gmt":"2020-10-15T00:01:17","guid":{"rendered":"http:\/\/graficoseguros.com.br\/?page_id=74"},"modified":"2020-10-14T23:00:39","modified_gmt":"2020-10-15T02:00:39","slug":"seguro-empresarial","status":"publish","type":"page","link":"https:\/\/graficoseguros.com.br\/index.php\/seguro-empresarial\/","title":{"rendered":"Seguro Empresarial"},"content":{"rendered":"<div data-colibri-id=\"74-c1\" class=\"style-373 style-local-74-c1 position-relative\">\n  <!---->\n  <div data-colibri-component=\"section\" data-colibri-id=\"74-c2\" id=\"about\" class=\"h-section h-section-global-spacing d-flex align-items-lg-center align-items-md-center align-items-center style-374 style-local-74-c2 position-relative\">\n    <!---->\n    <!---->\n    <div class=\"h-section-grid-container h-section-boxed-container\">\n      <!---->\n      <div data-colibri-id=\"74-c3\" class=\"h-row-container gutters-row-lg-0 gutters-row-md-0 gutters-row-0 gutters-row-v-lg-0 gutters-row-v-md-0 gutters-row-v-0 style-375 style-local-74-c3 position-relative\">\n        <!---->\n        <div class=\"h-row justify-content-lg-center justify-content-md-center justify-content-center align-items-lg-stretch align-items-md-stretch align-items-stretch gutters-col-lg-0 gutters-col-md-0 gutters-col-0 gutters-col-v-lg-0 gutters-col-v-md-0 gutters-col-v-0\">\n          <!---->\n          <div class=\"h-column h-column-container d-flex h-col-lg-auto h-col-md-auto h-col-auto style-376-outer style-local-74-c4-outer\">\n            <div data-colibri-id=\"74-c4\" class=\"d-flex h-flex-basis h-column__inner h-px-lg-0 h-px-md-0 h-px-0 v-inner-lg-0 v-inner-md-0 v-inner-0 style-376 style-local-74-c4 position-relative\">\n              <!---->\n              <!---->\n              <div class=\"w-100 h-y-container h-column__content h-column__v-align flex-basis-100 align-self-lg-start align-self-md-start align-self-start\">\n                <!---->\n                <div data-colibri-id=\"74-c6\" class=\"h-global-transition-all h-heading style-378 style-local-74-c6 position-relative h-element\">\n                  <!---->\n                  <div class=\"h-heading__outer style-378 style-local-74-c6\">\n                    <!---->\n                    <!---->\n                    <h2 class=\"\">Conhe\u00e7a as nossas op\u00e7\u00f5es de&nbsp;<em style=\"font-family: &quot;Playfair Display&quot;;\">seguro empresarial<\/em><\/h2>\n                  <\/div>\n                <\/div>\n                <div data-colibri-id=\"74-c7\" class=\"h-text h-text-component style-379 style-local-74-c7 position-relative h-element\">\n                  <!---->\n                  <!---->\n                  <div class=\"\">\n                    <p>A Gr\u00e1fico Corretora Seguros oferece uma lista de produtos que encaixam como benef\u00edcios importantes para a sua empresa: Seguro de Vida em Grupo, Seguro Sa\u00fade, Seguro Odontol\u00f3gico e muitos outros.\n                      <br>H\u00e1 tamb\u00e9m o Seguro Patrimonial PME, voltado para pequenas e m\u00e9dias empresas, com coberturas como inc\u00eandio, responsabilidade civil, roubo e furto, e outras exclusivas para estabelecimentos espec\u00edficos como padarias, restaurantes,\n                      sal\u00f5es de beleza, etc.<\/p>\n                  <\/div>\n                <\/div>\n              <\/div>\n            <\/div>\n          <\/div>\n          <div class=\"h-column h-column-container d-flex h-col-lg-auto h-col-md-auto h-col-auto style-380-outer style-local-74-c8-outer\">\n            <div data-colibri-id=\"74-c8\" class=\"d-flex h-flex-basis h-column__inner h-ui-empty-state-container h-px-lg-2 h-px-md-2 h-px-2 v-inner-lg-2 v-inner-md-2 v-inner-2 style-380 style-local-74-c8 position-relative\">\n              <!---->\n              <!---->\n              <div class=\"w-100 h-y-container h-column__content h-column__v-align flex-basis-100\">\n                <!---->\n              <\/div>\n            <\/div>\n          <\/div>\n        <\/div>\n      <\/div>\n    <\/div>\n  <\/div>\n<\/div>","protected":false},"excerpt":{"rendered":"<p>Conhe\u00e7a as nossas op\u00e7\u00f5es de&nbsp;seguro empresarial A Gr\u00e1fico Corretora Seguros oferece uma lista de produtos que encaixam como benef\u00edcios importantes para a sua empresa: Seguro de Vida em Grupo, Seguro Sa\u00fade, Seguro Odontol\u00f3gico e muitos outros. H\u00e1 tamb\u00e9m o Seguro Patrimonial PME, voltado para pequenas e m\u00e9dias empresas, com coberturas como inc\u00eandio, responsabilidade civil, roubo [&hellip;]<\/p>\n","protected":false},"author":1,"featured_media":0,"parent":0,"menu_order":0,"comment_status":"closed","ping_status":"closed","template":"page-templates\/full-width-page.php","meta":[],"_links":{"self":[{"href":"https:\/\/graficoseguros.com.br\/index.php\/wp-json\/wp\/v2\/pages\/74"}],"collection":[{"href":"https:\/\/graficoseguros.com.br\/index.php\/wp-json\/wp\/v2\/pages"}],"about":[{"href":"https:\/\/graficoseguros.com.br\/index.php\/wp-json\/wp\/v2\/types\/page"}],"author":[{"embeddable":true,"href":"https:\/\/graficoseguros.com.br\/index.php\/wp-json\/wp\/v2\/users\/1"}],"replies":[{"embeddable":true,"href":"https:\/\/graficoseguros.com.br\/index.php\/wp-json\/wp\/v2\/comments?post=74"}],"version-history":[{"count":2,"href":"https:\/\/graficoseguros.com.br\/index.php\/wp-json\/wp\/v2\/pages\/74\/revisions"}],"predecessor-version":[{"id":280,"href":"https:\/\/graficoseguros.com.br\/index.php\/wp-json\/wp\/v2\/pages\/74\/revisions\/280"}],"wp:attachment":[{"href":"https:\/\/graficoseguros.com.br\/index.php\/wp-json\/wp\/v2\/media?parent=74"}],"curies":[{"name":"wp","href":"https:\/\/api.w.org\/{rel}","templated":true}]}}